+ 5*b**2 - 11*b - 1. Is o(4) a prime number?
False
Suppose j = g, -4*j + 6 = -2*g + 2. Let l(z) = 2*z**2 - 2*z - 2. Let f be l(j). Suppose -1760 = -5*d + 5*p, -d = f*d + 3*p - 1074. Is d composite?
True
Is (-3 + 42052/(-3))/(25/(-75)) composite?
False
Let c = 14779 - 1488. Is c a prime number?
True
Is 20/(24/6) - -180 composite?
True
Suppose -5*g = -g. Suppose g = i - 275 - 24. Let b = -188 + i. Is b composite?
True
Let r(u) = -112*u**3 + 3*u**2 + 19*u + 61. Is r(-8) a prime number?
False
Let x(d) = -d**3 + 17*d**2 + d - 22. Let r be x(17). Let l(p) = -136*p - 11. Is l(r) a prime number?
False
Let s(u) = 124*u - 1. Let i be s(6). Let g be (-24)/(-10) - 15/(-50)*2. Suppose 4*v + 3*h = i - 165, -g*v + 439 = 5*h. Is v a prime number?
False
Let t = -6 - 10. Let j = t + 19. Suppose 2*o + j*o - 694 = -3*z, -934 = -4*z + 2*o. Is z a composite number?
False
Suppose 13555 = 3*i + 65347. Let n be 4/10 - i/65. Suppose -3*c - n = -f, 0 = -f - 0*f - 2*c + 241. Is f prime?
True
Is (-4 - 91779/(-33)) + (-6)/33 a composite number?
False
Suppose 39 - 34 = n. Suppose 4*y - 276 = -n*j + 837, -4*y - 213 = -j. Is j prime?
False
Let h(n) = -2*n**2 + 10*n - 6. Let f be h(4). Suppose -5*d = 0, f*k - 157 = 4*d + 21. Is k prime?
True
Suppose 0 = -7*y + 1991 + 900. Is y prime?
False
Let b(j) = 11*j + 4*j + 14*j + 7 + 43*j. Is b(3) a prime number?
True
Let d(u) = 3*u + 7. Let z be d(4). Suppose -17*f - 134 = -z*f. Is f prime?
True
Suppose -2*k - 2*y + 746 = 3*y, -4*y = 2*k - 744. Let q be ((-438)/5)/(22/(-55)). Let d = k - q. Is d composite?
False
Suppose -3*h = -4*l - 41749, -41745 = -3*h - 8*l + 11*l. Is h a prime number?
False
Let x(z) = z**2 + 6*z. Let i be x(-6). Let v be i/3 + 0/(-1). Suppose -3*a = 3*t - 4*a - 1117, 4*t - 5*a - 1504 = v. Is t a prime number?
False
Let h(c) = c**3 + 18*c**2 - 46*c - 227. Is h(32) composite?
True
Suppose -6*n + 72969 = -60405. Is n prime?
True
Let x = -38025 + 72820. Is x composite?
True
Let o(a) = -148*a + 35. Let x(i) = 49*i - 12. Let c(f) = 2*o(f) + 7*x(f). Is c(17) prime?
False
Let a(r) = -470*r**2 + r. Let s be a(2). Is ((-4)/(-3)*-1)/(4/s) a composite number?
True
Let l(y) = 15*y**2 + 25*y - 16. Let o be l(-20). Suppose n = -0*n - 2, 4*u = 4*n + o. Is u a prime number?
False
Let k be ((-1)/(-2))/(7/28). Suppose -4*r = 5*q - 709, -298 = -q - q + k*r. Is q a composite number?
True
Suppose -4649*m + 4653*m = 16148. Is m composite?
True
Suppose 3*h = a + 14, -6*h = 5*a - h + 70. Let x(y) = 2*y**3 + 18*y**2 + 9*y + 5. Let g be x(a). Let w = -1398 - g. Is w composite?
False
Let t(p) be the third derivative of -17*p**6/60 - p**5/60 - p**3/6 - 2*p**2. Is t(-2) prime?
False
Let h(c) = -11 + 114*c**3 - 3*c**2 - 155*c**3 + 10 - 2*c. Is h(-2) composite?
True
Let s(i) = i**2 + 11*i + 19. Let y be s(-6). Let l(o) = -7*o - 31. Is l(y) prime?
False
Suppose 5 - 3 = f. Let r be (0 - f)/(2/(-4)). Suppose 3*m - 5*g = 1319, 0 = -r*m - g - 0*g + 1774. Is m a prime number?
True
Let g(p) = p**2 - 2*p + 5. Let j be g(0). Let u = -1 - -4. Suppose -3*v + j*k = u*k - 131, 4*v + 2*k = 198. Is v a prime number?
True
Let q(y) = 4*y**3 - 4*y**2 + 9*y - 20. Let r(a) = a**3 - a**2 + 2*a - 5. Let g(i) = -2*q(i) + 9*r(i). Suppose -f + 6*f - p = 17, 5*p - 7 = 2*f. Is g(f) prime?
True
Suppose -11*t + 111454 + 74127 = 0. Is t prime?
True
Let u(g) = -4*g - 2. Let p(t) = -35*t. Let b(l) = -l. Let v(a) = -30*b(a) + p(a). Let w be v(2). Is u(w) a composite number?
True
Let f(d) = 2*d**2 + 16*d - 31. Let c(m) = m**2 + 8*m - 15. Let y(z) = -9*c(z) + 4*f(z). Let o be y(-9). Is 5/(-10)*(o + -248) a prime number?
False
Let w = 1516 + -747. Is w a composite number?
False
Suppose -5*x + 6*x - 7193 = 0. Is x composite?
False
Suppose 2 + 6 = -4*w + 5*h, -3*w + 2*h = -1. Is 5*(6 - w)/12*508 a composite number?
True
Is 9/4 + -2 + (-2084875)/(-100) a composite number?
False
Let j(i) = 2*i - 12. Let p be j(11). Let q be p/12*24/4. Let u = 20 - q. Is u prime?
False
Let g(h) = 18*h + 4. Let c be g(5). Let a(s) = 22*s + 171. Let w be a(-9). Let y = c + w. Is y a prime number?
True
Suppose 5*v = 2*h + 1, 6*v - 3*v = 3*h - 3. Let f be -8 + -1*(1 - 0). Is h*(-212)/24*f a composite number?
True
Suppose -72072 = -3*d - 5*k, 5*d - 6*d + 24007 = -4*k. Is d a composite number?
False
Let j(z) = 5*z**2 - 8*z + 8. Let f be j(6). Let q = f + -50. Let y = -59 + q. Is y a prime number?
True
Suppose 4*b - 5*b = 8. Let i(z) = -6*z**3 - 4*z**3 - 7*z**3 - 7 + 7*z + 18*z**3 + 10*z**2. Is i(b) a composite number?
True
Let t = 16 + -12. Suppose 4*b + 12 = 4*z, 5*b + 17 = 2*z - t. Let f(h) = -4*h - 7. Is f(b) a composite number?
False
Let f = 7711 - 2712. Is f a composite number?
False
Let g(d) = -d**3 + 13*d**2 - 32*d + 20. Let u be g(10). Let q = -5 + 8. Suppose u = q*i - i - 22. Is i a prime number?
True
Suppose 4*a = -a - 1055. Let f = a + 1214. Is f a composite number?
True
Let o = 14223 + -1426. Is o composite?
True
Suppose -7*q + 7484 = -7209. Is q a composite number?
False
Let j = -10538 - -20803. Is j composite?
True
Let w = 739 - -1257. Suppose -w = -7*o + 8749. Is o prime?
False
Let d = 245 + 492. Let s = d + 140. Is s composite?
False
Let z(n) = 3*n**2 + n - 4 - 3*n - n**2 - n**2. Let h be z(4). Suppose w - 6*w + h*m + 703 = 0, 295 = 2*w + 3*m. Is w prime?
False
Let s(c) = 55*c - 10. Let l(w) = -28*w + 5. Let v(f) = 7*l(f) + 4*s(f). Let p = 24 - 15. Is v(p) a composite number?
False
Suppose -8*a - 4413 = -13741. Let i = 1944 - a. Is i a prime number?
False
Let f(w) = 77*w**2 - 28*w - 108. Is f(-11) composite?
True
Suppose 6*m - 31627 = 21119. Is m a prime number?
False
Let l be 20868/90 - 2/(-15). Suppose 4*h - l = 160. Let y = h + 25. Is y a composite number?
True
Let u = 5191 + -3624. Let h = -980 + u. Is h a composite number?
False
Suppose -27 = -f - 29. Is f/(-4 + 5010/1255) prime?
True
Suppose 6*s + 5220 = s. Let n = -308 - s. Let a = n + -443. Is a a prime number?
True
Is (2/4)/(1/74982) a prime number?
False
Let c(z) be the first derivative of -42*z**2 - 5*z - 3. Let l be c(-4). Let r = l - 152. Is r composite?
False
Let t = -1295 - -6408. Is t a prime number?
True
Let w be (258/(-24))/(-1)*4. Is (w/2)/(6/12) prime?
True
Suppose -35666 = -5*t + 3*j + 78782, -j - 1 = 0. Is t a prime number?
False
Suppose 0 = -5*x + 2*a + 15, -a = -x - 4*a + 20. Let u = -4 - -4. Suppose u = 2*v + 6, 0*h - 2*v - 1181 = -x*h. Is h composite?
True
Let q = 92 - -391. Is q - (-8 - 8/(-2)) a prime number?
True
Let g = 144 + -233. Let y = 272 + g. Is y composite?
True
Let v(i) = -9799*i - 355. Is v(-2) a prime number?
False
Let t = 16 + -14. Is (-409 + 0/t)/(-1) composite?
False
Let n = 90 - 80. Is 6786/5 + (-2)/n prime?
False
Let s(u) = u**2 + 11*u - 3. Suppose 3*t = 9*t + 36. Let a be s(t). Is (-13437)/a - (-6)/(-33) composite?
True
Let s(t) = -2*t + 8. Let j be s(-4). Let w = j + -16. Suppose 3*q - 4*c + 19 = 188, w = -5*c - 20. Is q prime?
False
Suppose 0 = 5*j - 13*j. Suppose h + 4496 = -t + 4*t, j = 3*h - 3. Is t a prime number?
True
Suppose -8*v - 5367 = -11*v. Suppose -v = 4*b - 5*r - 13266, 11467 = 4*b - 3*r. Is b a composite number?
True
Let z(g) = 1784*g - 171. Is z(5) a prime number?
False
Let c be -366*6/9*3/4. Let u = 490 + c. Is u composite?
False
Let w be (-48)/1*(-63)/18. Suppose 3*s + w + 342 = -3*u, 2*u + 342 = -3*s. Let l = u - -283. Is l a prime number?
False
Let g = 4194 + 42987. Is g prime?
False
Let v(w) = 404*w + 747. Is v(39) prime?
False
Suppose 4*k = -3*g + 229400, -2*g + 3*g = -4*k + 229392. Is k prime?
True
Let w be 2*(-3)/6 - (-124 + 3). Let k be (2 + -2 + 29)/1. Let b = w + k. Is b a prime number?
True
Let s(r) = -6983*r + 52. Is s(-3) composite?
False
Suppose -6*x + 4*d + 7517 = -3*x, 5*d + 2513 = x. Is x prime?
True
Suppose -70 = -c + 50. Let w be ((-22)/(-3))/((-16)/c). Let t = 256 + w. Is t a composite number?
True
Let o = 67203 + -38498. Is o a composite number?
True
Let m(f) = -6*f**3 - f**2 - f - 4. Let z be m(-6). Suppose 2*h = -z - 92. Let u = h + 1448. Is u composite?
True
Let v(x) = 29*x**2 - 3*x - 17. Suppose 25 = 13*k - 18*k. Is v(k) a prime number?
False
Suppose -5*m + r = -36656, 3*m + 71*r - 75*r - 21997 = 0. Is m composite?
False
Let c(t) = -t - 13. Let d be c(-10). Let u be (d - 4) + 5 + -2. Let v(s) = 17*s**2 + 5*s + 5. Is v(u) prime?
True
Let n(s) be the fi